s the highest common factor of 8433860 and 878620?
4460
Calculate the highest common factor of 10302 and 308346.
102
Calculate the highest common factor of 1693089848 and 2.
2
Calculate the greatest common factor of 136455 and 825.
165
What is the greatest common divisor of 14 and 311395042?
14
Calculate the greatest common factor of 26 and 377399126.
26
What is the greatest common divisor of 6903 and 1054212?
177
Calculate the greatest common divisor of 2750 and 27980150.
550
What is the greatest common factor of 4025030 and 2230?
10
Calculate the highest common divisor of 93338 and 6382502.
826
Calculate the greatest common divisor of 385 and 5571440.
35
Calculate the greatest common divisor of 7011 and 403161.
57
Calculate the greatest common factor of 587 and 563693752.
587
Calculate the greatest common factor of 30704 and 12554098.
3838
Calculate the greatest common divisor of 8532 and 89058201.
237
What is the highest common divisor of 48921 and 64119833?
709
What is the greatest common factor of 317936 and 24304?
496
What is the greatest common divisor of 82 and 55003181?
41
What is the highest common factor of 3200 and 491552?
32
What is the highest common factor of 84 and 1916355?
21
Calculate the highest common divisor of 1155 and 2873585.
55
Calculate the greatest common factor of 3096 and 14793204.
516
What is the highest common divisor of 13066 and 46116447?
6533
Calculate the greatest common divisor of 33 and 4685461.
11
Calculate the highest common divisor of 324 and 7098624.
108
What is the highest common factor of 6287936 and 59584?
1216
What is the greatest common factor of 80202130 and 1310?
1310
What is the highest common factor of 4094192 and 224?
16
What is the greatest common divisor of 1692 and 39417396?
564
What is the greatest common factor of 527 and 20887?
1
What is the highest common factor of 32327496 and 288?
72
Calculate the greatest common divisor of 38788062 and 518.
74
Calculate the highest common factor of 2397024 and 52480.
1312
What is the greatest common divisor of 1824 and 1402920?
24
Calculate the greatest common divisor of 44 and 137106838.
22
Calculate the greatest common factor of 3945 and 25635.
15
What is the highest common divisor of 52 and 28377476?
4
Calculate the highest common divisor of 1074 and 390.
6
Calculate the highest common divisor of 90133 and 249293.
173
Calculate the highest common factor of 708 and 1480131702.
354
What is the highest common factor of 21888128 and 128?
128
What is the highest common divisor of 10 and 17868730?
10
What is the highest common factor of 1176901 and 103499?
1067
What is the highest common factor of 2171131 and 115?
23
What is the greatest common divisor of 9346598 and 302?
302
What is the highest common divisor of 5920 and 25504914?
74
Calculate the greatest common factor of 32321574 and 18.
18
Calculate the greatest common divisor of 2225 and 31052545.
445
Calculate the highest common divisor of 10680 and 518430.
30
What is the greatest common divisor of 21267112 and 4?
4
Calculate the highest common factor of 32059028 and 10.
2
What is the highest common divisor of 43889532 and 42?
6
What is the greatest common divisor of 1024 and 16094128?
16
Calculate the greatest common factor of 129407707 and 1859.
143
Calculate the highest common factor of 87108 and 119399.
7
Calculate the highest common factor of 5671954 and 27984.
106
What is the highest common factor of 4199277 and 33633?
303
Calculate the highest common divisor of 21396414 and 858.
78
What is the greatest common divisor of 3 and 302213?
1
What is the greatest common divisor of 12992 and 26768?
112
Calculate the highest common divisor of 19461845 and 1560.
65
Calculate the highest common divisor of 6322 and 226084.
58
What is the highest common factor of 5425252 and 852?
284
Calculate the highest common divisor of 24413900 and 700.
700
Calculate the highest common divisor of 220 and 157290430.
110
Calculate the greatest common factor of 7410 and 65474.
38
Calculate the greatest common divisor of 162422420 and 510.
170
Calculate the greatest common factor of 281679288 and 5808.
2904
What is the highest common divisor of 2185516 and 42476?
148
Calculate the greatest common divisor of 665 and 380703.
19
What is the greatest common divisor of 3354 and 2379351?
39
Calculate the greatest common divisor of 339832423 and 266.
133
Calculate the highest common factor of 2352193191 and 5571.
5571
What is the highest common factor of 111 and 5162727?
3
What is the highest common factor of 800 and 1310200?
200
What is the highest common divisor of 30816 and 591412968?
7704
What is the greatest common factor of 48087 and 783?
27
What is the greatest common factor of 262 and 647271?
131
Calculate the highest common factor of 247254 and 26901.
147
Calculate the highest common factor of 4697814 and 2057.
187
Calculate the greatest common divisor of 1035 and 85245.
15
What is the highest common divisor of 162045629 and 86?
43
Calculate the greatest common factor of 5168360 and 50.
10
What is the greatest common factor of 3693 and 496826676?
3693
Calculate the greatest common divisor of 412816 and 4336.
16
What is the greatest common divisor of 5592301 and 7007?
143
Calculate the greatest common factor of 35384 and 300.
4
Calculate the greatest common factor of 660 and 340455.
15
Calculate the highest common factor of 68908311 and 117.
9
What is the highest common divisor of 7740 and 1203742?
86
What is the greatest common factor of 619961040 and 140?
20
What is the highest common divisor of 1031895 and 405?
45
Calculate the greatest common factor of 56628 and 299988.
468
What is the highest common factor of 7081832 and 152?
152
Calculate the highest common divisor of 144 and 4269643920.
144
What is the highest common divisor of 2754 and 51266817?
27
Calculate the highest common divisor of 744 and 22972116.
372
Calculate the greatest common divisor of 1283 and 55927253.
1283
What is the greatest common divisor of 900152 and 326556?
772
Calculate the highest common factor of 979407 and 364221.
1287
What is the greatest common divisor of 4389 and 1484565?
57
What is the greatest common factor of 35390613 and 7833?
1119
What is the highest common factor of 26248946 and 7576?
1894
Calculate the greatest common factor of 13342321 and 41661.
1543
What is the greatest common divisor of 445343 and 269609?
751
What is the highest common factor of 383 and 167?
1
Calculate the highest common factor of 6827757 and 5589.
69
Calculate the greatest common divisor of 462 and 395465070.
462
Calculate the highest common divisor of 10927 and 1494323.
223
Calculate the highest common factor of 3622320 and 147024.
144
Calculate the highest common divisor of 826 and 29197448.
826
What is the highest common factor of 7279868 and 16?
4
What is the highest common factor of 67545756 and 3519?
207
What is the greatest common factor of 372950 and 310?
10
What is the highest common divisor of 1734274 and 325264?
1402
What is the greatest common divisor of 5249 and 3642313?
29
What is the highest common factor of 1741142 and 1788904?
4342
Calculate the highest common divisor of 2365952 and 582246.
9242
Calculate the greatest common divisor of 656 and 683019.
41
What is the highest common factor of 6785925 and 30?
15
Calculate the greatest common factor of 760060496 and 38.
38
Calculate the highest common divisor of 31 and 5206156802.
31
What is the highest common factor of 13298 and 7551149618?
13298
Calculate the greatest common factor of 25368122 and 104.
26
Calculate the greatest common divisor of 3739645 and 25.
5
Calculate the highest common factor of 18898 and 5358442.
1718
Calculate the highest common factor of 140826 and 146706.
294
What is the greatest common factor of 14491 and 14922763?
43
What is the greatest common divisor of 6072299 and 92?
23
What is the highest common divisor of 791401 and 41344?
17
What is the greatest common divisor of 387104 and 32352?
32
What is the greatest common divisor of 20300 and 2169664?
812
What is the greatest common factor of 1521 and 513591?
507
Calculate the highest common factor of 609736 and 199000.
1592
What is the greatest common divisor of 4122 and 8158812?
1374
Calculate the greatest